{"id":59,"date":"2020-03-27T16:53:29","date_gmt":"2020-03-27T16:53:29","guid":{"rendered":"http:\/\/dev.claudiaraith.com\/?page_id=59"},"modified":"2020-03-29T12:34:52","modified_gmt":"2020-03-29T12:34:52","slug":"datenschutzerklaerung","status":"publish","type":"page","link":"https:\/\/claudiaraith.com\/?page_id=59","title":{"rendered":"DATENSCHUTZERKL\u00c4RUNG"},"content":{"rendered":"\n<p><br><\/p>\n\n\n\n<h3><strong>Haftungsausschluss<\/strong><\/h3>\n\n\n\n<h4>Haftung f\u00fcr Inhalte<\/h4>\n\n\n\n<p>\nDie Inhalte unserer Seiten wurden mit gr\u00f6\u00dfter Sorgfalt erstellt. F\u00fcr die\n Richtigkeit, Vollst\u00e4ndigkeit und Aktualit\u00e4t der Inhalte k\u00f6nnen wir \njedoch keine Gew\u00e4hr \u00fcbernehmen. Als Diensteanbieter sind wir gem\u00e4\u00df \u00a7 7 \nAbs.1 TMG f\u00fcr eigene Inhalte auf diesen Seiten nach den allgemeinen \nGesetzen verantwortlich. Nach \u00a7\u00a7 8 bis 10 TMG sind wir als \nDiensteanbieter jedoch nicht verpflichtet, \u00fcbermittelte oder \ngespeicherte fremde Informationen zu \u00fcberwachen oder nach Umst\u00e4nden zu \nforschen, die auf eine rechtswidrige T\u00e4tigkeit hinweisen. \nVerpflichtungen zur Entfernung oder Sperrung der Nutzung von \nInformationen nach den allgemeinen Gesetzen bleiben hiervon unber\u00fchrt. \nEine diesbez\u00fcgliche Haftung ist jedoch erst ab dem Zeitpunkt der \nKenntnis einer konkreten Rechtsverletzung m\u00f6glich. Bei Bekanntwerden von\n entsprechenden Rechtsverletzungen werden wir diese Inhalte umgehend \nentfernen.\n<\/p>\n\n\n\n<h4>Haftung f\u00fcr Links<\/h4>\n\n\n\n<p>\nUnser Angebot enth\u00e4lt Links zu externen Webseiten Dritter, auf deren \nInhalte wir keinen Einfluss haben. Deshalb k\u00f6nnen wir f\u00fcr diese fremden \nInhalte auch keine Gew\u00e4hr \u00fcbernehmen. F\u00fcr die Inhalte der verlinkten \nSeiten ist stets der jeweilige Anbieter oder Betreiber der Seiten \nverantwortlich. Die verlinkten Seiten wurden zum Zeitpunkt der \nVerlinkung auf m\u00f6gliche Rechtsverst\u00f6\u00dfe \u00fcberpr\u00fcft. Rechtswidrige Inhalte \nwaren zum Zeitpunkt der Verlinkung nicht erkennbar. Eine permanente \ninhaltliche Kontrolle der verlinkten Seiten ist jedoch ohne konkrete \nAnhaltspunkte einer Rechtsverletzung nicht zumutbar. Bei Bekanntwerden \nvon Rechtsverletzungen werden wir derartige Links umgehend entfernen.\n<\/p>\n\n\n\n<h4>Urheberrecht<\/h4>\n\n\n\n<p>\nDie durch die Seitenbetreiber erstellten Inhalte und Werke auf diesen \nSeiten unterliegen dem deutschen Urheberrecht. Die Vervielf\u00e4ltigung, \nBearbeitung, Verbreitung und jede Art der Verwertung au\u00dferhalb der \nGrenzen des Urheberrechtes bed\u00fcrfen der schriftlichen Zustimmung des \njeweiligen Autors bzw. Erstellers. Downloads und Kopien dieser Seite \nsind nur f\u00fcr den privaten, nicht kommerziellen Gebrauch gestattet. \nSoweit die Inhalte auf dieser Seite nicht vom Betreiber erstellt wurden,\n werden die Urheberrechte Dritter beachtet. Insbesondere werden Inhalte \nDritter als solche gekennzeichnet. Sollten Sie trotzdem auf eine \nUrheberrechtsverletzung aufmerksam werden, bitten wir um einen \nentsprechenden Hinweis. Bei Bekanntwerden von Rechtsverletzungen werden \nwir derartige Inhalte umgehend entfernen.\n\n<\/p>\n\n\n\n<h3><strong>Datenschutzerkl\u00e4rung<\/strong><\/h3>\n\n\n\n<h4><strong>Verantwortlich<\/strong><\/h4>\n\n\n\n<p>\n\nClaudia Raith, Ungererstr. 47, 80805 M\u00fcnchen\n\n\n<\/p>\n\n\n\n<h4><strong>Verwendete Begrifflichkeiten<\/strong><\/h4>\n\n\n\n<h4>Personenbezogene Daten<\/h4>\n\n\n\n<p>Personenbezogene Daten sind Informationen, die dazu genutzt werden \nk\u00f6nnen, Ihre Identit\u00e4t zu erfahren. Darunter fallen Informationen wie \nIhr richtiger Name, Adresse, Postanschrift, Telefonnummer.<\/p>\n\n\n\n<h4>Verarbeitung<\/h4>\n\n\n\n<p>Verarbeitung ist jeder mit oder ohne Hilfe automatisierter Verfahren \nausgef\u00fchrte Vorgang oder jede solche Vorgangsreihe im Zusammenhang mit \npersonenbezogenen Daten. Der Begriff reicht weit und umfasst praktisch \njeden Umgang mit Daten.<\/p>\n\n\n\n<h4>Verantwortlicher<\/h4>\n\n\n\n<p>Als Verantwortlicher wird die nat\u00fcrliche oder juristische Person, \nBeh\u00f6rde, Einrichtung oder andere Stelle, die allein oder gemeinsam mit \nanderen \u00fcber die Zwecke und Mittel der Verarbeitung von \npersonenbezogenen Daten entscheidet, bezeichnet.\n<\/p>\n\n\n\n<h4><strong>Ma\u00dfgebliche Rechtsgrundlagen<\/strong><\/h4>\n\n\n\n<p>Nach Ma\u00dfgabe des Art. 13 DSGVO teile ich Ihnen die Rechtsgrundlagen \nmeiner Datenverarbeitungen mit. Sofern die Rechtsgrundlage in der \nDatenschutzerkl\u00e4rung nicht genannt wird, gilt Folgendes: Die \nRechtsgrundlage f\u00fcr die Einholung von Einwilligungen ist Art. 6 Abs. 1 \nlit. a und Art. 7 DSGVO, die Rechtsgrundlage f\u00fcr die Verarbeitung zur \nErf\u00fcllung meiner Leistungen und Durchf\u00fchrung vertraglicher Ma\u00dfnahmen \nsowie Beantwortung von Anfragen ist Art. 6 Abs. 1 lit. b DSGVO, die \nRechtsgrundlage f\u00fcr die Verarbeitung zur Erf\u00fcllung meiner rechtlichen \nVerpflichtungen ist Art. 6 Abs. 1 lit. c DSGVO, und die Rechtsgrundlage \nf\u00fcr die Verarbeitung zur Wahrung meiner berechtigten Interessen ist Art.\n 6 Abs. 1 lit. f DSGVO. <\/p>\n\n\n\n<h4><strong>Verarbeitung personenbezogener Daten<\/strong><\/h4>\n\n\n\n<p>Ich nehme den Schutz personenbezogener Daten sehr ernst. Ich m\u00f6chte, \ndass Sie wissen, wann welche Daten gespeichert und verwendet werden.<\/p>\n\n\n\n<p>Bei Zugriff auf das Internetangebot werden keine personenbezogene \nDaten gem\u00e4\u00df Art. 4 DSGVO erhoben. Sie k\u00f6nnen meine Internetseiten \ngrunds\u00e4tzlich ohne Offenlegung Ihrer Identit\u00e4t nutzen. <\/p>\n\n\n\n<p>Meine Internetseiten verwenden weder permanente Cookies noch Tools \nzur Analyse Ihres Nutzerverhaltens (wie z.B. Google Analytics). Auf den \nSeiten befinden sich keine Social-Media-Plugins (z.B. &#8222;Like&#8220; Buttons).<\/p>\n\n\n\n<p>Nehmen Sie \u00fcber die auf meiner Internetpr\u00e4senz dargestellte \nE-Mail-Adresse Kontakt mit mir auf, erfolgt das auf Ihren eigenen \nWunsch, freiwillig und im Sinne einer eindeutig best\u00e4tigenden Handlung \ngem\u00e4\u00df Kap. I Art. 4 Punkt 11 DSGVO. <\/p>\n\n\n\n<p>Unter keinen Umst\u00e4nden werden personenbezogene Daten zu Werbezwecken an Dritte vermietet oder verkauft. <\/p>\n\n\n\n<h4><strong>Sicherheitsma\u00dfnahmen<\/strong><\/h4>\n\n\n\n<p>Ihre Angaben speichern wir auf besonders gesch\u00fctzten Dateien. Der \nZugriff darauf ist nur mir und wenigen, besonders befugten Personen \nm\u00f6glich. Der Zweck der Verarbeitung ist die Beantwortung Ihrer \nKontaktanfragen, die Vereinbarung von Stadtf\u00fchrungen und die Abrechnung \nder Dienstleistung.<\/p>\n\n\n\n<p>Wir treffen nach Ma\u00dfgabe des Art. 32 DSGVO unter Ber\u00fccksichtigung des\n Stands der Technik, der Implementierungskosten und der Art, des \nUmfangs, der Umst\u00e4nde und der Zwecke der Verarbeitung sowie der \nunterschiedlichen Eintrittswahrscheinlichkeit und Schwere des Risikos \nf\u00fcr die Rechte und Freiheiten nat\u00fcrlicher Personen, geeignete technische\n und organisatorische Ma\u00dfnahmen, um ein dem Risiko angemessenes \nSchutzniveau zu gew\u00e4hrleisten.<\/p>\n\n\n\n<p>Zu den Ma\u00dfnahmen geh\u00f6ren insbesondere die Sicherung der \nVertraulichkeit, Integrit\u00e4t und Verf\u00fcgbarkeit von Daten durch Kontrolle \ndes physischen Zugangs zu den Daten, als auch des sie betreffenden \nZugriffs, der Eingabe, Weitergabe, der Sicherung der Verf\u00fcgbarkeit und \nihrer Trennung. <\/p>\n\n\n\n<h4><strong>Zusammenarbeit mit Auftragsverarbeitern und Dritten<\/strong><\/h4>\n\n\n\n<p>Sofern ich im Rahmen meiner Verarbeitung Daten gegen\u00fcber anderen \nPersonen und Unternehmen (Auftragsverarbeitern oder Dritten) offenbare, \nsie an diese \u00fcbermitteln oder ihnen sonst Zugriff auf die Daten \ngew\u00e4hren, erfolgt dies nur auf Grundlage einer gesetzlichen Erlaubnis \n(z.B. wenn eine \u00dcbermittlung der Daten an Dritte, wie an \nZahlungsdienstleister, gem. Art. 6 Abs. 1 lit. b DSGVO zur \nVertragserf\u00fcllung erforderlich ist), Sie eingewilligt haben, eine \nrechtliche Verpflichtung dies vorsieht oder auf Grundlage meiner \nberechtigten Interessen (z.B. beim Einsatz von Beauftragten, Webhostern,\n etc.). <\/p>\n\n\n\n<h4><strong>\u00dcbermittlungen in Drittl\u00e4nder<\/strong><\/h4>\n\n\n\n<p>Eine \u00dcbermittlungen der Daten in ein Drittland (d.h. au\u00dferhalb der \nEurop\u00e4ischen Union (EU) oder des Europ\u00e4ischen Wirtschaftsraums (EWR)) \nfindet nicht statt.<\/p>\n\n\n\n<h4><strong>Rechte der betroffenen Personen<\/strong><\/h4>\n\n\n\n<p>Sie haben das Recht, eine Best\u00e4tigung dar\u00fcber zu verlangen, ob \nbetreffende Daten verarbeitet werden und auf Auskunft \u00fcber diese Daten \nsowie auf weitere Informationen und Kopie der Daten entsprechend Art. 15\n DSGVO.<\/p>\n\n\n\n<p>Sie haben entsprechend. Art. 16 DSGVO das Recht, die \nVervollst\u00e4ndigung der Sie betreffenden Daten oder die Berichtigung der \nSie betreffenden unrichtigen Daten zu verlangen.<\/p>\n\n\n\n<p>Sie haben nach Ma\u00dfgabe des Art. 17 DSGVO das Recht zu verlangen, dass\n betreffende Daten unverz\u00fcglich gel\u00f6scht werden, bzw. alternativ nach \nMa\u00dfgabe des Art. 18 DSGVO eine Einschr\u00e4nkung der Verarbeitung der Daten \nzu verlangen.<\/p>\n\n\n\n<p>Sie haben das Recht zu verlangen, dass die Sie betreffenden Daten, \ndie Sie uns bereitgestellt haben nach Ma\u00dfgabe des Art. 20 DSGVO zu \nerhalten und deren \u00dcbermittlung an andere Verantwortliche zu fordern. <\/p>\n\n\n\n<p>Sie haben ferner gem. Art. 77 DSGVO das Recht, eine Beschwerde bei der zust\u00e4ndigen Aufsichtsbeh\u00f6rde einzureichen.<\/p>\n\n\n\n<h4><strong>Widerrufsrecht<\/strong><\/h4>\n\n\n\n<p>Sie haben das Recht, erteilte Einwilligungen gem. Art. 7 Abs. 3 DSGVO mit Wirkung f\u00fcr die Zukunft zu widerrufen.\n<\/p>\n\n\n\n<h4><strong>Widerspruchsrecht<\/strong><\/h4>\n\n\n\n<p>Sie k\u00f6nnen der k\u00fcnftigen Verarbeitung der Sie betreffenden Daten nach\n Ma\u00dfgabe des Art. 21 DSGVO jederzeit widersprechen. Der Widerspruch kann\n insbesondere gegen die Verarbeitung f\u00fcr Zwecke der Direktwerbung \nerfolgen.<\/p>\n\n\n\n<p><\/p>\n","protected":false},"excerpt":{"rendered":"<p>Haftungsausschluss Haftung f\u00fcr Inhalte Die Inhalte unserer Seiten wurden mit gr\u00f6\u00dfter Sorgfalt erstellt. F\u00fcr die&#8230;<\/p>\n<div class=\"more-link-wrapper\"><a class=\"more-link\" href=\"https:\/\/claudiaraith.com\/?page_id=59\">Beitrag lesen<span class=\"screen-reader-text\">DATENSCHUTZERKL\u00c4RUNG<\/span><\/a><\/div>\n","protected":false},"author":1,"featured_media":12,"parent":0,"menu_order":0,"comment_status":"closed","ping_status":"closed","template":"","meta":[],"_links":{"self":[{"href":"https:\/\/claudiaraith.com\/index.php?rest_route=\/wp\/v2\/pages\/59"}],"collection":[{"href":"https:\/\/claudiaraith.com\/index.php?rest_route=\/wp\/v2\/pages"}],"about":[{"href":"https:\/\/claudiaraith.com\/index.php?rest_route=\/wp\/v2\/types\/page"}],"author":[{"embeddable":true,"href":"https:\/\/claudiaraith.com\/index.php?rest_route=\/wp\/v2\/users\/1"}],"replies":[{"embeddable":true,"href":"https:\/\/claudiaraith.com\/index.php?rest_route=%2Fwp%2Fv2%2Fcomments&post=59"}],"version-history":[{"count":5,"href":"https:\/\/claudiaraith.com\/index.php?rest_route=\/wp\/v2\/pages\/59\/revisions"}],"predecessor-version":[{"id":142,"href":"https:\/\/claudiaraith.com\/index.php?rest_route=\/wp\/v2\/pages\/59\/revisions\/142"}],"wp:featuredmedia":[{"embeddable":true,"href":"https:\/\/claudiaraith.com\/index.php?rest_route=\/wp\/v2\/media\/12"}],"wp:attachment":[{"href":"https:\/\/claudiaraith.com\/index.php?rest_route=%2Fwp%2Fv2%2Fmedia&parent=59"}],"curies":[{"name":"wp","href":"https:\/\/api.w.org\/{rel}","templated":true}]}}