{"id":139,"date":"2020-03-29T12:30:25","date_gmt":"2020-03-29T12:30:25","guid":{"rendered":"http:\/\/dev.claudiaraith.com\/?page_id=139"},"modified":"2023-05-15T12:53:41","modified_gmt":"2023-05-15T12:53:41","slug":"impressum","status":"publish","type":"page","link":"https:\/\/claudiaraith.com\/?page_id=139","title":{"rendered":"IMPRESSUM"},"content":{"rendered":"\n<p><strong>Impressum<\/strong><\/p>\n\n\n\n<p>Claudia Raith M.A. (Germanistin) <br>Offizielle G\u00e4stef\u00fchrerin der Stadt M\u00fcnchen<br>Reisingerstra\u00dfe 5<br>80337 M\u00fcnchen <br>Tel.: +49 163 2577571 <br><a href=\"mailto:kontakt@claudiaraith.com\">E-Mail<\/a>: kontakt@claudiaraith.com<br>Finanzamt M\u00fcnchen <br>Steuernummer: 146\/149\/80436<br><\/p>\n","protected":false},"excerpt":{"rendered":"<p>Impressum Claudia Raith M.A. (Germanistin) Offizielle G\u00e4stef\u00fchrerin der Stadt M\u00fcnchenReisingerstra\u00dfe 580337 M\u00fcnchen Tel.: +49 163&#8230;<\/p>\n<div class=\"more-link-wrapper\"><a class=\"more-link\" href=\"https:\/\/claudiaraith.com\/?page_id=139\">Beitrag lesen<span class=\"screen-reader-text\">IMPRESSUM<\/span><\/a><\/div>\n","protected":false},"author":1,"featured_media":12,"parent":0,"menu_order":0,"comment_status":"closed","ping_status":"closed","template":"","meta":[],"_links":{"self":[{"href":"https:\/\/claudiaraith.com\/index.php?rest_route=\/wp\/v2\/pages\/139"}],"collection":[{"href":"https:\/\/claudiaraith.com\/index.php?rest_route=\/wp\/v2\/pages"}],"about":[{"href":"https:\/\/claudiaraith.com\/index.php?rest_route=\/wp\/v2\/types\/page"}],"author":[{"embeddable":true,"href":"https:\/\/claudiaraith.com\/index.php?rest_route=\/wp\/v2\/users\/1"}],"replies":[{"embeddable":true,"href":"https:\/\/claudiaraith.com\/index.php?rest_route=%2Fwp%2Fv2%2Fcomments&post=139"}],"version-history":[{"count":3,"href":"https:\/\/claudiaraith.com\/index.php?rest_route=\/wp\/v2\/pages\/139\/revisions"}],"predecessor-version":[{"id":519,"href":"https:\/\/claudiaraith.com\/index.php?rest_route=\/wp\/v2\/pages\/139\/revisions\/519"}],"wp:featuredmedia":[{"embeddable":true,"href":"https:\/\/claudiaraith.com\/index.php?rest_route=\/wp\/v2\/media\/12"}],"wp:attachment":[{"href":"https:\/\/claudiaraith.com\/index.php?rest_route=%2Fwp%2Fv2%2Fmedia&parent=139"}],"curies":[{"name":"wp","href":"https:\/\/api.w.org\/{rel}","templated":true}]}}